p**5 + 0*p + p**2 + 0 + 2/3*p**3 + 7/24*p**4. Let n be r(-6). Let g(x) = x**3 + 2*x**2 + 2*x + 3. Give g(n).
-1
Suppose -4104 = 2*b - 4118. Let d(o) = o**2 - 6*o - 12. Give d(b).
-5
Let c(w) = -4*w**2 + w - 1. Let s(x) = -2*x**2 - 102*x + 209. Let r be s(-53). Determine c(r).
-40
Let y be -24*(-4 + (-10)/(-2)). Let w = 9 + y. Let g be (2 + (-5)/w)*3. Let q(k) = -k**2 + 8*k - 5. What is q(g)?
2
Let t = -39 + 46. Let b(g) = 3*g**2 + g**3 - t + g**2 + 4*g**2 + 6*g. Calculate b(-7).
0
Let u(l) = l**3 - 2*l**2 + l + 1. Let r be u(2). Let x(f) = 30*f**2 - 29*f**2 - 34 - 6*f + 33. Give x(r).
-10
Let x(u) = 4*u + 7. Suppose -4*p = 0, 0*q + 4*q = 3*p + 8. Let m = -4 - q. Give x(m).
-17
Let u(x) = 7*x**2 - 1. Let y be u(1). Suppose -7*a - 6 = -y*a. Let v(w) be the third derivative of w**4/12 + 7*w**3/6 + 6*w**2. Calculate v(a).
-5
Let p(x) = 2*x**3 + 9*x**2 - 26*x - 45. Let k be p(-6). Let m(c) be the second derivative of 0 + 1/6*c**k - 3/2*c**2 + 13*c. What is m(-5)?
-8
Let r(x) = x**2 - x. Let k(f) = 2*f**2 + 7*f - 2. Let g(q) = -k(q) + 3*r(q). Suppose -4*h + 24 = -4*o, -4*h - 3*o - 3 + 55 = 0. Give g(h).
2
Let b(p) = 2*p. Let t(c) = -c**3 + 2*c**2 - c - 1. Let x be 0 - 1*(-1 + 0). Let q be (x/3)/((-7)/(-42)). Let s be t(q). Give b(s).
-6
Suppose 6*b - 31 = -1. Let d = b - 5. Let q(f) = f**3 - f**2 - f - 5. Calculate q(d).
-5
Let u(j) = 0*j - j**3 + 2 + j - 6. Let a(g) = 2*g + 16. Let v(i) = -i**3 - 7*i**2 - 5*i - 2. Let x be v(-6). Let y be a(x). What is u(y)?
-4
Let b(v) = v**3 + 2*v**2 - 3*v + 2. Suppose -6 = -3*h - 5*f - 33, -4*h - 1 = -5*f. Determine b(h).
-18
Let o = -295 + 289. Let i(v) = -8*v + 2 + 6*v + 11 + 5*v**2 - 10*v. Let k(t) = -14*t**2 + 35*t - 38. Let d(s) = 17*i(s) + 6*k(s). Calculate d(o).
-7
Let g = 257 + -249. Let p(b) = 3 - b**3 + 4*b + 9*b**2 - 7*b - 6*b. What is p(g)?
-5
Let r be (2/(-2))/(2/22). Let k(n) = -n + 3. Suppose 2*o = 2*m + m + 6, -4*o + 3*m = -18. Let t(q) = -2*q + 7. Let b(l) = o*t(l) + r*k(l). Calculate b(4).
5
Let m(g) be the first derivative of -g**2/2 + 3*g + 7. Let l(n) = n**2 + 4*n + 5. Let j(v) = -v. Let d(y) = -4*j(y) + l(y). Let a be d(-8). What is m(a)?
-2
Let s = -98 + 135. Let h(i) = -20 + 3*i + s*i**2 + i**3 + 8 + 5*i - 46*i**2. What is h(8)?
-12
Let h = 5 - 8. Let w(b) be the third derivative of -1/60*b**5 + 0 + 0*b**4 - 1/3*b**3 - 3*b**2 + 0*b. What is w(h)?
-11
Let c(j) = j**3 + 4*j**2 - 7*j - 7. Let z(m) = 4*m**3 + 8*m**2 - 4*m + 3. Let y be z(-4). Let w = y - -104. Determine c(w).
3
Let m(i) = -7*i - 1. Let w(q) = -21*q - 3. Let k(l) = -17*m(l) + 6*w(l). Let j be k(-1). Let c = -12 + j. Let b(s) = s**2 + 5*s + 4. Give b(c).
10
Let z(u) = 4*u + 3. Let s(a) = 17*a + 13. Let y be (-5)/(-15)*-3 - 1. Let d(f) = y*s(f) + 9*z(f). Give d(5).
11
Let s(n) = -2*n - 1. Let h = 1308 + -1315. Determine s(h).
13
Suppose s = -3*x - 61, s = -4*x - s - 84. Let a = x - -50. Suppose -3*u + 3*b + 24 = 0, a = 5*u - 0*u - 2*b. Let r(n) = n - 3. Calculate r(u).
2
Let t(j) be the third derivative of -j**5/60 - j**3/2 + 277*j**2. What is t(3)?
-12
Suppose -15 + 10 = -5*d. Let r be d - ((-6)/(-27) - (-22)/(-18)). Let m(l) = 0 - l**2 + 3 - 1. Calculate m(r).
-2
Suppose 4*l + 6 + 6 = 0. Let j(b) = 2*b + 3. What is j(l)?
-3
Let c(a) = a**2 - 10*a + 9. Let y(m) = -m**2 + 61*m - 111. Let g be y(59). Give c(g).
-12
Let k be 1/2*0 - 2. Let c(d) be the first derivative of d**4/12 - d**3/6 + 22*d + 10. Let p(b) be the first derivative of c(b). Give p(k).
6
Let m = -18 + 49. Let u = 28 - m. Let k(v) = -v**3 - 4*v**2 - v. What is k(u)?
-6
Let k(t) = t - 6*t + 5 + 6*t. Let f be k(-7). Let p(h) = -h + 1. Let l(y) = -y**2 + 3*y - 3. Let z(r) = l(r) + 5*p(r). Give z(f).
2
Let k(p) be the third derivative of -p**9/60480 + p**7/5040 + 7*p**6/720 + 7*p**5/15 + 20*p**2. Let l(f) be the third derivative of k(f). Determine l(0).
7
Let a(i) be the first derivative of -16 - 7*i - 1/2*i**2. Give a(-7).
0
Suppose 8*s = -108 + 76. Let l(g) = 4*g + 6. Determine l(s).
-10
Suppose -2*z - 8 = -z. Let q be 4*(-6)/z - -1. Let a(u) = 1 - u**2 + 11*u - q*u - 3*u + 0*u**2. Determine a(4).
1
Let d = 759 - 1517/2. Let l(x) be the first derivative of 3*x + d*x**2 + 9. Give l(-3).
0
Let a(l) be the third derivative of -l**5/60 - l**4 - 19*l**3/3 - 858*l**2. What is a(-22)?
6
Let q(h) be the second derivative of -1/2*h**2 + 7*h + 0 + 2/3*h**3 + 1/12*h**4. Calculate q(-2).
-5
Suppose -2*p + 4 = -0. Let i(l) = -1 + 2*l**2 + l + p*l**2 - 3*l**2. Suppose -2*y = -4*y. Give i(y).
-1
Let h(s) = 7*s**2 - 5*s + 1. Let r(o) = o**2 - o. Let l(q) = -h(q) + 6*r(q). Let i(p) = p + 1. Let x(m) = -i(m) + l(m). Determine x(-2).
-2
Let z = -1066 + 1068. Let w(q) = 10*q - 5. Let s(r) = 11*r - 6. Let o(j) = 3*s(j) - 4*w(j). Calculate o(z).
-12
Let u(j) = -14*j. Let s be (28 + -30)*(-2 + 1). Give u(s).
-28
Let j(i) = i**2 + 7*i - 5. Let p(k) = k**2 + 9*k + 14. Let c be p(-4). What is j(c)?
-11
Let x(i) = -7*i**2 - 6*i - 4. Let m(g) = 20*g**2 + 17*g + 11. Let w(p) = -6*m(p) - 17*x(p). Let r = -26 + 24. What is w(r)?
-2
Let v(k) = -k**3 + 16*k**2 + 18*k - 20. Suppose -3*y = 22*x - 18*x - 59, -2*x - 4*y = -22. Give v(x).
-3
Let x(z) = 15*z + 201. Let d be x(-16). Suppose 3*n = -5 + 122. Let y be (-162)/n + (-6)/d. Let i(b) = -2*b - 3. Calculate i(y).
5
Let o = 50 + -45. Let c(l) = -2*l**2 + 5*l**2 + 6 + 0 - 5*l - 2*l**2. Give c(o).
6
Let k(p) = -p**2 - 7*p. Let m = 7 + 1. Suppose m*a = 6*a + 12. Suppose 3*u + 27 = a. What is k(u)?
0
Let b(m) be the third derivative of m**6/72 + m**4/24 + 11*m**3/3 - 5*m**2. Let g(r) be the first derivative of b(r). Calculate g(1).
6
Let l(y) = -y**3 - 10*y**2 - 8*y + 10. Let a be 2*2/(-28) - 2790/315. Give l(a).
1
Let q(h) be the first derivative of 2*h**2 - 7*h - 3. Let r be q(2). Let i(d) = -1. Let o(f) = 6*f + 4. Let w(g) = 3*i(g) + o(g). What is w(r)?
7
Suppose 3*q = -2*q + 2*d + 19, 5*d = 2*q - 16. Let a(j) = -2*j**3 + 4*j**2 + 4*j + 3. Let x(h) = h**3 - 2*h**2 - 2*h - 2. Let l(c) = 4*a(c) + 7*x(c). Give l(q).
-5
Let k(y) be the second derivative of y**3/6 + y**2/2 + 69*y. Suppose 0 = -0*l + l. Calculate k(l).
1
Suppose 0 = 5*d - 2*t - 0*t + 23, 0 = -4*t + 16. Let x(q) = -11*q + 8. Let b(r) = r - 1. Suppose 13*s - 11*s = 36. Let j(w) = s*b(w) + 2*x(w). What is j(d)?
10
Let x be 16/6 - 9/((-135)/(-10)). Let p be 0/(-3 + 5)*1. Let n(t) = t + p*t + 3*t - 2. Give n(x).
6
Let h(j) = 19*j**3 - 41*j**2 + 52*j - 20. Let t(i) = 7*i**3 - 14*i**2 + 18*i - 7. Let y(r) = -4*h(r) + 11*t(r). Give y(-11).
-8
Let u(r) = r**2 + 5*r. Let j be (-10)/30*1*18. Calculate u(j).
6
Suppose -2 - 4 = -s. Let n(b) = -5 - 6*b + 9*b - b + 2. Calculate n(s).
9
Let d = 15 + -3. Suppose 9*f = -57 + d. Let r(z) = 2*z - 7. Give r(f).
-17
Let c(x) be the third derivative of 5*x**4/24 + 5*x**3/6 - 17*x**2. Suppose -5*y + 0*y = 0. Let v be y/(-2) + -4 + 0. What is c(v)?
-15
Let k(c) = -c + 1. Let d(m) be the third derivative of 0*m + 1/3*m**3 + 0 - m**2 + 1/24*m**4. Let z be d(-4). Calculate k(z).
3
Let d(l) be the third derivative of l**6/120 - l**5/12 - l**4/4 + l**3/3 + l**2. Let p = 1276 - 1270. Give d(p).
2
Let s(i) be the second derivative of -i**2 + 0 - 1/12*i**4 + 2*i + 7/6*i**3. Suppose -3 = -3*d + 6. Calculate s(d).
10
Let u = -1176 + 1157. Let j be (1 + (1 - 1))*13. Let v = u + j. Let c(f) = f - 4. Determine c(v).
-10
Let y(b) = 32*b - 18 - 13 - 34*b + 3*b. What is y(21)?
-10
Suppose -r + 4*r - 7 = 5*a, 0 = -2*r + 3*a + 3. Let q(m) = 3*m + 2 + 7*m + m**2 - 2*m - m. Give q(r).
-4
Let g(h) = h**3 + 8*h**2 + 5*h - 6. Suppose 4*w = w + 9. Let p(m) = m**2 - 2*m + 3. Let a be p(w). Let k = -1 - a. Give g(k).
8
Let f(u) = -u**2 - 50*u - 40. Let l be f(-49). Let p(m) = -m**3 + 8*m**2 + 14*m - 6. What is p(l)?
39
Let v(i) = 2*i + 8. Let p be (-2 + 125/10)*8/(-12). Determine v(p).
-6
Let b(v) = 2*v + 8. Let x(q) = -1. Let k(h) = b(h) + 3*x(h). Let y(d) = -d**2 + 25*d - 140. Let l be y(17). Determine k(l).
-3
Let m(q) = -10*q - 1. Suppose -33*p + 0*p = 99. Determine m(p).
29
Suppose 2*s - 4 = s - i, -2*i - 10 = 0. Let k = 1 + s. Let v(p) = -2*p + 14. Give v(k).
-6
Let v(d) = -d - 5. Suppose -7*y + 8 = -9*y. What is v(y)?
-1
Let d(n) = -2*n - 8. Let b be d(-10). Suppose 17*u - 45 = b*u. Let a = u - 15. Let y(r) = -2*r - 8. Calculate y(a).
4
Let s(o) be the second derivative of 1/20*